{"id":50,"date":"2019-07-24T21:39:41","date_gmt":"2019-07-24T19:39:41","guid":{"rendered":"http:\/\/feuerwehr-heist.com\/?page_id=50"},"modified":"2023-02-01T16:42:50","modified_gmt":"2023-02-01T15:42:50","slug":"einsatzfahrzeuge","status":"publish","type":"page","link":"https:\/\/feuerwehr-heist.de\/index.php\/hlf-20\/einsatzfahrzeuge\/","title":{"rendered":"HLF 20"},"content":{"rendered":"\n\n\t<h2><em><strong>Hilfeleistungsl\u00f6schgruppenfahrzeug HLF 20<\/strong><\/em><\/h2>\n<p><strong>Funkrufname: 45-48-01<\/strong><\/p>\n<p>Besatzung: 1\/8<\/p>\n<p>Feuerl\u00f6schkreiselpumpe S2000: 2000 Ltr. Wasserf\u00f6rderung \/ Minute &#8211; Wassertank: 2400 Ltr. &#8211; Lichtmast &#8211; Multifunktionsleiter &#8211; Schaummitteltank: 120 Ltr. &#8211; CAFS &#8211; Druckluftschaumanlage*<\/p>\n<p>*(CAFS (Compressed Air Foam System) &#8211; Bei diesem System wird die ben\u00f6tigte Wassermenge f\u00fcr das L\u00f6schen stark reduziert. F\u00fcr das L\u00f6schen eines Brandes, bei dem 7000 Liter Wasser ben\u00f6tigt w\u00fcrden, reichen 1000 Ltr. der Druckluftschaummischung aus. Diese hat eine k\u00fchlende und eind\u00e4mmende Wirkung auf das Feuer. Folgesch\u00e4den, die beim L\u00f6schen mit Wasser entstehen k\u00f6nnen, werden durch die Nutzung von CAFS verhindert.)<\/p>\n\t\t\t\t<img loading=\"lazy\" decoding=\"async\" src=\"http:\/\/feuerwehr-heist.com\/wp-content\/uploads\/2023\/01\/P1050322-scaled.jpg\" alt=\"P1050322\" itemprop=\"image\" height=\"1920\" width=\"2560\" title=\"P1050322\" onerror=\"this.style.display='none'\"  \/>\n\t\t\t\t<img loading=\"lazy\" decoding=\"async\" src=\"http:\/\/feuerwehr-heist.com\/wp-content\/uploads\/2023\/01\/P1050318-scaled.jpg\" alt=\"P1050318\" itemprop=\"image\" height=\"1920\" width=\"2560\" title=\"P1050318\" onerror=\"this.style.display='none'\"  \/>\n\t\t\t\t<img loading=\"lazy\" decoding=\"async\" src=\"http:\/\/feuerwehr-heist.com\/wp-content\/uploads\/2023\/01\/P1050323-scaled.jpg\" alt=\"P1050323\" itemprop=\"image\" height=\"1920\" width=\"2560\" title=\"P1050323\" onerror=\"this.style.display='none'\"  \/>\n\t\t\t\t<img loading=\"lazy\" decoding=\"async\" src=\"http:\/\/feuerwehr-heist.com\/wp-content\/uploads\/2023\/01\/P1050317-scaled.jpg\" alt=\"P1050317\" itemprop=\"image\" height=\"1920\" width=\"2560\" title=\"P1050317\" onerror=\"this.style.display='none'\"  \/>\n\n","protected":false},"excerpt":{"rendered":"<p>Hilfeleistungsl\u00f6schgruppenfahrzeug HLF 20 Funkrufname: 45-48-01 Besatzung: 1\/8 Feuerl\u00f6schkreiselpumpe S2000: 2000 Ltr. Wasserf\u00f6rderung \/ Minute &#8211; Wassertank: 2400 Ltr. &#8211; Lichtmast &#8211; Multifunktionsleiter &#8211; Schaummitteltank: 120 Ltr. &#8211; CAFS &#8211; Druckluftschaumanlage* *(CAFS (Compressed Air Foam System) &#8211; Bei diesem System wird die ben\u00f6tigte Wassermenge f\u00fcr das L\u00f6schen stark reduziert. F\u00fcr das L\u00f6schen eines Brandes, bei dem 7000 Liter Wasser ben\u00f6tigt w\u00fcrden, reichen 1000 Ltr. der Druckluftschaummischung aus. Diese hat eine k\u00fchlende und eind\u00e4mmende Wirkung auf das Feuer. Folgesch\u00e4den, die beim L\u00f6schen mit Wasser entstehen k\u00f6nnen, werden durch die Nutzung von CAFS verhindert.)<\/p>\n","protected":false},"author":1,"featured_media":0,"parent":236,"menu_order":0,"comment_status":"closed","ping_status":"closed","template":"","meta":{"footnotes":""},"class_list":["post-50","page","type-page","status-publish","hentry"],"aioseo_notices":[],"acf":[],"_links":{"self":[{"href":"https:\/\/feuerwehr-heist.de\/index.php\/wp-json\/wp\/v2\/pages\/50","targetHints":{"allow":["GET"]}}],"collection":[{"href":"https:\/\/feuerwehr-heist.de\/index.php\/wp-json\/wp\/v2\/pages"}],"about":[{"href":"https:\/\/feuerwehr-heist.de\/index.php\/wp-json\/wp\/v2\/types\/page"}],"author":[{"embeddable":true,"href":"https:\/\/feuerwehr-heist.de\/index.php\/wp-json\/wp\/v2\/users\/1"}],"replies":[{"embeddable":true,"href":"https:\/\/feuerwehr-heist.de\/index.php\/wp-json\/wp\/v2\/comments?post=50"}],"version-history":[{"count":7,"href":"https:\/\/feuerwehr-heist.de\/index.php\/wp-json\/wp\/v2\/pages\/50\/revisions"}],"predecessor-version":[{"id":264,"href":"https:\/\/feuerwehr-heist.de\/index.php\/wp-json\/wp\/v2\/pages\/50\/revisions\/264"}],"up":[{"embeddable":true,"href":"https:\/\/feuerwehr-heist.de\/index.php\/wp-json\/wp\/v2\/pages\/236"}],"wp:attachment":[{"href":"https:\/\/feuerwehr-heist.de\/index.php\/wp-json\/wp\/v2\/media?parent=50"}],"curies":[{"name":"wp","href":"https:\/\/api.w.org\/{rel}","templated":true}]}}